*w + 162. Give s(-23).
1
Let d(p) = -p**3 - 75*p**2 - 582*p + 113. Calculate d(-9).
5
Let x(l) = 80*l**2 - 11351*l - 1234. Calculate x(142).
44
Let p(l) = 7*l**3 - 5*l**2 - 21*l - 265. What is p(-7)?
-2764
Let x(o) = -o**3 + 236*o**2 - 260*o + 4479. Calculate x(235).
-1396
Let j(a) = a**2 + 5845*a + 174441. Calculate j(-30).
-9
Let c(m) = m**2 - 953*m + 165846. Calculate c(229).
50
Let a(l) = l**3 - 3020*l**2 + 57023*l - 77. Calculate a(19).
-1
Let c(g) = 13*g**2 + 1202*g - 1886. Determine c(-94).
-6
Let d(b) = -331*b**2 - 12635*b - 2158. What is d(-38)?
8
Let t(c) = 3*c**2 - 8071*c - 3192355. Determine t(-350).
-5
Let m(g) = -g**2 - 127*g + 2375. Calculate m(20).
-565
Let r(l) = 7*l**2 + 1283*l - 24569. Give r(-201).
355
Let s(w) = 33*w**2 + 1403*w - 4203. Calculate s(3).
303
Let d(r) = -38*r**2 - 498*r - 1407. Determine d(-4).
-23
Let q(h) = 3*h**2 - 24*h + 217. Give q(6).
181
Let m(d) = -4*d**3 - 61*d**2 - 128*d - 156. Determine m(-13).
-13
Let n(f) = f**3 + 39*f**2 - 82*f - 1513. Determine n(-40).
167
Let l(c) = -19*c**2 - 574*c - 2748. Calculate l(-6).
12
Let v(f) = -f**2 + 474*f - 41656. Calculate v(112).
-1112
Let a(b) = 45*b**2 - 224*b - 752. Calculate a(-3).
325
Let x(q) = 2014*q - 19568. Calculate x(10).
572
Let n(f) = 22*f**2 - 25*f - 1205. Give n(8).
3
Let f(k) = 21*k**3 - 60*k**2 - 22*k + 76. What is f(3)?
37
Let r(i) = -1028*i + 23675. Calculate r(23).
31
Let n(h) = -15427*h**2 - 185125*h - 29. Give n(-12).
-17
Let r(j) = -77555*j - 387775. Determine r(-5).
0
Let q(s) = s**3 + 36*s**2 + 631*s + 6230. Give q(-20).
10
Let w(n) = 3749*n + 1585793. Give w(-423).
-34
Let k(b) = -b**3 + 102*b**2 - 200*b + 28. Calculate k(100).
28
Let w(o) = 7975*o - 614066. Calculate w(77).
9
Let h(l) = l**2 - 42*l - 103. Determine h(10).
-423
Let m(x) = -6*x**2 - 539*x + 2346. Determine m(-94).
-4
Let m(p) = 9*p**2 + 1043*p + 19295. Determine m(-93).
137
Let i(f) = -f**3 - 132*f**2 + 104*f - 1696. Give i(-133).
2161
Let o(q) = -q**3 + 424*q**2 + 556*q - 55536. Give o(425).
139
Let j(g) = -2210*g - 28738. Determine j(-13).
-8
Let q(p) = 195*p - 12274. Determine q(62).
-184
Let x(a) = -5197*a + 233711. Give x(45).
-154
Let r(p) = 1500*p + 73498. Give r(-49).
-2
Let m(v) = 2*v**3 + 18*v**2 - 12683*v - 101598. Calculate m(-8).
-6
Let o(b) = -12106*b - 15071980. Determine o(-1245).
-10
Let d(k) = 74*k**3 + 1685*k**2 - 378*k + 303. Determine d(-23).
4
Let k(i) = -i**3 - 5*i**2 + 2351*i + 17668. Calculate k(-47).
-51
Let a(c) = -60*c**2 + 1310*c + 305. Give a(22).
85
Let m(c) = -5032*c - 9726868. What is m(-1933)?
-12
Let f(n) = -10281*n + 92522. What is f(9)?
-7
Let z(g) = -85227*g - 1193131. Determine z(-14).
47
Let d(a) = a**3 + 103*a**2 + 1366*a + 10806. Determine d(-89).
126
Let w(n) = -95*n**2 - 97*n + 457. Determine w(4).
-1451
Let a(i) = -12705*i + 241532. Determine a(19).
137
Let n(s) = -1966*s**2 - 123852*s + 25. Calculate n(-63).
-353
Let t(n) = -159*n + 1863. Determine t(9).
432
Let p(f) = -f**2 - 723*f - 10009. Give p(-14).
-83
Let x(q) = -164*q**2 - 19681*q - 254. Give x(-120).
-134
Let n(m) = 29*m + 4756. Determine n(-166).
-58
Let b(s) = -32*s**2 - 434*s - 56. Give b(-18).
-2612
Let x(f) = -112662*f + 225314. Determine x(2).
-10
Let b(a) = -48*a + 3651. Calculate b(76).
3
Let r(l) = l**3 - 17*l**2 + 57*l + 83. Give r(7).
-8
Let u(o) = -o**3 + 15*o**2 - 5*o - 97. What is u(13)?
176
Let f(u) = u**3 - 181*u**2 + 945*u - 170999. Determine f(181).
46
Let c(j) = -2*j**3 - 504*j**2 - 5846*j - 24. Give c(-12).
1008
Let u(p) = p**3 - 54*p**2 - 1008*p + 335. What is u(-15)?
-70
Let z(h) = -5121388*h + 30728324. What is z(6)?
-4
Let k(l) = -8*l**3 - 1023*l**2 + 132*l + 493. Give k(-128).
-19
Let p(v) = v**2 - 87*v - 1744. Calculate p(-31).
1914
Let c(s) = 333*s + 74620. Give c(-223).
361
Let r(a) = 10*a**3 - 160*a**2 + 493*a - 2. Give r(3).
307
Let q(l) = 334*l - 6037. Calculate q(15).
-1027
Let f(r) = -1260*r + 36880. Calculate f(32).
-3440
Let l(n) = -742508*n + 7425095. Determine l(10).
15
Let y(o) = o**3 + 36*o**2 + 68*o - 487. Determine y(-33).
536
Let r(s) = -2*s**3 - 40*s**2 + 20*s + 2533. Determine r(-12).
-11
Let j(v) = -4778*v - 19088. Determine j(-4).
24
Let s(o) = -o**3 - 21*o**2 - 48*o + 163. Calculate s(-19).
353
Let r(w) = -w**3 - 107*w**2 - 2585*w + 142. What is r(-69)?
-2411
Let y(c) = c**3 - 10*c**2 + 464*c - 2177. What is y(5)?
18
Let d(k) = -35482*k - 141862. What is d(-4)?
66
Let h(u) = 123*u - 1056. What is h(5)?
-441
Let z(c) = 5*c**2 + 1298*c + 26142. Calculate z(-22).
6
Let r(w) = -2*w**3 - 488*w**2 + 1708*w + 55811. What is r(-247)?
-11
Let d(m) = m**3 - 68*m**2 + 357*m - 473. Calculate d(3).
13
Let n(j) = -9*j**2 + 667*j + 1997. Calculate n(-3).
-85
Let w(y) = -94702*y + 2083295. What is w(22)?
-149
Let v(s) = -4813*s - 2257283. Calculate v(-469).
14
Let v(l) = -294223*l - 8826698. Calculate v(-30).
-8
Let v(c) = -1863*c**2 - 199334*c + 636. Give v(-107).
-113
Let x(z) = -3*z**2 - z + 2227. Give x(26).
173
Let j(a) = 15970*a - 622964. What is j(39)?
-134
Let u(b) = 6*b**2 + 1176*b + 56034. Give u(-81).
144
Let y(n) = 3*n**3 - 24*n**2 - 3213*n + 196. Give y(-29).
22
Let g(t) = 379*t**2 - 85656*t + 451. What is g(226)?
-1
Let f(w) = -3*w**2 + 547*w - 5823. Calculate f(171).
-9
Let i(m) = -2*m**3 + 68*m**2 + 7880*m + 384. What is i(-48)?
0
Let u(a) = a**2 + 290*a + 4118. Determine u(-275).
-7
Let m(j) = 317*j + 19281. Give m(-61).
-56
Let m(w) = 250083*w - 9753244. Determine m(39).
-7
Let k(n) = 7*n**3 - 19*n**2 - 20843*n + 41697. What is k(2)?
-9
Let x(p) = -39*p**2 - 49*p + 1806. Give x(7).
-448
Let i(n) = -3625*n - 47093. Calculate i(-13).
32
Let y(t) = -2*t**2 + 1857*t + 13049. Calculate y(-7).
-48
Let p(b) = -504771*b + 3028632. What is p(6)?
6
Let f(r) = 5*r**3 - 436*r**2 - 224*r - 11266. Give f(88).
-2
Let v(b) = 92*b**3 + 3*b**2 + 916*b - 914. Determine v(1).
97
Let i(g) = 1176*g + 8096. Give i(-7).
-136
Let d(q) = -1334*q**2 + 68036*q - 85. Determine d(51).
17
Let f(h) = 367*h - 85822. Calculate f(234).
56
Let a(b) = -b**3 + 45*b**2 + 325*b + 51. Calculate a(-6).
-63
Let w(q) = -2549*q + 662699. What is w(260)?
-41
Let l(t) = 58*t + 3222. What is l(-44)?
670
Let q(l) = -165394*l + 2977052. Give q(18).
-40
Let k(l) = -404352*l + 5660923. Give k(14).
-5
Let v(y) = -20*y**2 + 182*y - 18. Determine v(9).
0
Let q(w) = 2*w**3 - 8*w**2 + 18*w + 20. Calculate q(-1).
-8
Let p(b) = -3*b**2 + 4204*b + 72345. Give p(-17).
10
Let a(u) = 8*u**3 - 125*u**2 - 2973*u - 4. What is a(-13)?
-56
Let q(k) = -161658*k + 1131616. Give q(7).
10
Let d(w) = w**3 - 100*w**2 - 267*w + 144. What is d(-3)?
18
Let y(j) = j**3 - 19*j**2 + 146*j - 1395. Calculate y(16).
173
Let g(t) = 993*t**2 - 5999*t + 56. Give g(6).
-190
Let m(v) = v**3 + 93*v**2 + 271*v + 31. Determine m(-90).
-59
Let f(r) = r**3 + 108*r**2 - 5535*r + 1936. Calculate f(-146).
38
Let w(d) = 3*d**2 + 2816*d + 329481. Give w(-137).
-4
Let g(f) = 87*f**3 - 12441*f**2 - 38*f + 5434. Calculate g(143).
0
Let b(z) = 30971*z - 340700. Calculate b(11).
-19
Let k(x) = x**3 - 13*x**2 + 44*x - 358. What is k(12)?
26
Let z(o) = -o**3 - 262*o**2 + 260*o - 788. Determine z(-263).
1
Let g(m) = m**3 - 99*m**2 + 365*m + 18001. What is g(93)?
52
Let a(w) = -w**3 - 67*w**2 - 623*w - 8. Give a(-12).
-452
Let f(q) = 20420*q + 20926. Determine f(-1).
506
Let g(z) = -223194*z - 2008987. Give g(-9).
-241
Let z(x) = -4827*x - 275149. Determine z(-57).
-10
Let l(k) = 151*k - 7627. Calculate l(50).
-77
Let q(h) = 205375*h - 2464505. What is q(12)?
-5
Let p(f) = -f**3 - 114*f**2 + 701*f + 339. What is p(-120)?
2619
Let n(a) = -620*a + 265978. Give n(429).
-2
Let h(x) = x**3 - 64*x**2 - 181*x - 13072. Determine h(70).
3658
Let j(d) = 620*d**2 - 3717*d - 17. Determine j(6).
1
Let c(v) = 18*v**2 - 76*v - 2012. Determine c(14).
452
Let q(t) = 2*t**3 + 176*t**2 + 441*t - 5872. What is q(-85)?
-7
Let k(m) = -m**2 + 23*m + 5631. Calculate k(-56).
1207
Let l(b) = -b**2 - 98*b + 801. Give l(-93).
1266
Let d(w) = w**3 - 119*w**2 + 631*w - 6917. Give d(114).
37
Let o(x) = -x**2 - 5489*x - 469963. What is o(-87)?
11
Let u(q) = 2*q**3 - 15*q**2 - 32*q + 56. What is u(9)?
11
Let u(q) = -86*q + 2089. What is u(28)?
-319
Let c(q) = -q**2 - 399*q - 28426. Calculate c(-306).
32
Let b(j) = 99*j**2 - 148*j + 145. What is b(2)?
